2*r**3 + 6*r**2 - 10*r + 12. What is the units digit of v(-15)?
2
Let s = -992 + 977. What is the hundreds digit of (18/s)/(13204/(-3300) + 4)?
9
Let x be -2 + 2 - (100/2 + 0). Let i = x + 52. Suppose 2*t - 156 = -i*k, 6*k - k = 5*t + 360. What is the units digit of k?
5
Let u(j) = -j**2 + 19*j + 25. Let v be u(19). Let g = v - 30. What is the units digit of 168/20 - (0 + (-2)/g)?
8
Let v(p) = p**2 - 11*p - 22. Let s be v(13). Suppose -i + s*x = i - 4, -5*x = -5. Suppose 3*w + 1 = i. What is the units digit of w?
1
Let x(l) = 58*l + 3. Let j be x(12). Suppose -9*g = -507 - j. What is the hundreds digit of g?
1
Let j = -4105 + 7309. What is the hundreds digit of -4 + 1 - (6 + j/(-6))?
5
Suppose -185 = 5*b - 3*j, 0*b = 3*b + 4*j + 140. Let m be 1/4 + (-7)/28. Let l = m - b. What is the tens digit of l?
4
What is the tens digit of 56/(-2100) - (-917702)/75?
3
Let w be -2*((-2 - -2) + 121*7). Let o = -970 - w. What is the units digit of o?
4
Suppose -39 + 41 = d. Suppose 0 = -j + q + 832, d*j - q = -0*j + 1662. What is the units digit of j?
0
Let z = 176 + -176. Suppose -3*b + 2724 = 3*k - 7*k, z = -2*k. What is the units digit of b?
8
Let q(k) = -k - 1. Let h(d) = -10*d - 13. Let x(s) = h(s) - 5*q(s). Let j be x(-3). Suppose 0 = 10*i - j*i - 186. What is the units digit of i?
2
Suppose -43853 = -3*i - 2*k, -14567 = 176*i - 177*i + 12*k. What is the hundreds digit of i?
6
Let t = -303 - -580. Suppose -14*x - t = -7053. What is the units digit of x?
4
Let i = -1660 - -11801. What is the thousands digit of i?
0
Let i = -12687 + 16353. What is the units digit of i?
6
Let y be ((-27027)/(-308))/(6/32). Let h = 949 - y. What is the hundreds digit of h?
4
Let m(z) = -z. Let c be m(1). Let l be 1 + 3 + c - 1. Suppose f + 216 = 3*y, -l*f = y + 3*f - 72. What is the tens digit of y?
7
Let y = -222 - -226. Suppose n - 1018 = -3*q, y*q + q - n = 1702. What is the tens digit of q?
4
Suppose 2*h = i - 14, -2*i - 2 + 0 = 2*h. Let j(y) = y**3 + 6*y**2 + 4*y - 1. Let m be j(h). What is the units digit of (-3)/(-9)*23 - m/(-12)?
8
Suppose 16*u - 7 - 41 = 0. Suppose 4*b + 2*d - 7878 = 0, 24*d - 5901 = -u*b + 25*d. What is the hundreds digit of b?
9
Let j = -338 + 335. What is the hundreds digit of (-176 - (j + -1))*-1?
1
Let w = 233442 + -158010. What is the tens digit of w?
3
What is the tens digit of 72/(-154) - (-8)/28 - 903960/(-132)?
4
Let l(k) = 7*k**2 - 29*k - 1189. What is the ten thousands digit of l(-93)?
6
Suppose 632*z - 5*p + 132975 = 637*z, 0 = 5*z + 4*p - 132971. What is the tens digit of z?
9
Let q be (-75)/(-45)*9/3. Suppose -4*d + q*h = -9*d + 5985, 4*h = d - 1177. What is the units digit of d?
3
Let i = -51 - -54. Let s be 48/i + 2*-1. What is the units digit of (s/8)/(((-9)/40)/(-9))?
0
Let r = 32 + -50. Let y(l) = l**3 + 19*l**2 + 19*l + 18. Let p be y(r). Suppose p = -4*n + 141 + 91. What is the tens digit of n?
5
Let v(n) = -77*n**3 - 2*n**2 - 9*n - 12. Let t be v(-2). Let l = t + 127. What is the units digit of l?
1
Let x(a) = -a**3 + 2*a**2 + 5*a + 1. Let s be x(4). Let b be 4 + -2 - (s + 11). What is the units digit of (-229)/(-3) + 5/(-30)*b?
6
Suppose -4*i = -25*i + 777. Suppose -5*j + 4*h - 4 = -i, -5*j + 3*h = -31. What is the units digit of j?
5
Suppose 4*d - 276*u + 281*u = 98615, d = u + 24638. What is the thousands digit of d?
4
Let x be (76/(-16))/((-2)/464). Let a = 235 + -227. What is the units digit of (-8)/(-32) + x/a?
8
Suppose 216369 = 94*k - 22*k - 1794735. What is the thousands digit of k?
7
Suppose -4*v + 180 = -116. Suppose 12*j - v = 1294. What is the units digit of j?
4
Let t(a) = -a**2 + 16*a - 23. Let s be t(14). Let y(g) = -g. Let f be y(-2). Suppose -f*k = 4*d - 88, s*d - 97 + 14 = -2*k. What is the units digit of k?
4
Let l(a) = -a**2 + 212*a + 25. What is the thousands digit of l(22)?
4
Let a be 73*(0 - (-2 - -1)). Let c(z) = z**3 - 8*z**2 + 5*z + 2. Let v be c(8). Let r = a - v. What is the tens digit of r?
3
Let h = -23 - -27. Suppose 4*c + 4*f + 1 = c, -5*c - f + h = 0. Suppose 3*w + 3 = 0, 3*l + c - 6 = 2*w. What is the units digit of l?
1
Suppose 361 + 100 = f. What is the tens digit of f?
6
Let m(f) = f. Let c be m(0). Let o(d) = 4 + 28 - d + 4*d + d**2 + 18. What is the tens digit of o(c)?
5
Suppose 2*n + 4 = -0*n, 5*d + 2*n - 76 = 0. Suppose 11*h = 3*h + d. What is the tens digit of -147*(h/(-4) + (-17)/34)?
4
Let v = 13 + -10. Let p be (-54 - -1)*v/3. Let o = 44 - p. What is the units digit of o?
7
Let g be (4/10)/(6/210). Let w(d) = -d**2 + 29*d - 131. Let o be w(17). Let x = o + g. What is the units digit of x?
7
Let j be (-1168)/(-9) - (-2)/9. Let c = 72 - j. Let v = 202 + c. What is the tens digit of v?
4
Suppose -r + 95058 = 16*k, -33*r + 2*k + 474634 = -28*r. What is the units digit of r?
0
Suppose -31*o - 363264 = -63*o. What is the thousands digit of o?
1
Suppose 143768 + 129325 = 87*u. What is the units digit of u?
9
Let s be 286/9 + (-34)/(-153). Let l = s + 117. Suppose -2*m = 10 - 2, -4*m + l = 5*f. What is the units digit of f?
3
Suppose 0 = -2*m - 4*u + 39392, 5*m - 16773 = 2*u + 81731. Suppose -341*y + 351*y - m = 0. What is the tens digit of y?
7
Let y(o) = -o**2 + 14*o - 18. Let r be y(8). Let j be ((-2)/(-3) - (-10)/r)*-11. Let n = 107 - j. What is the hundreds digit of n?
1
Let o(q) = -q**3 + 192*q + 210*q - 383*q + 7 - 8*q**2. What is the units digit of o(-11)?
1
Let z(t) = 74*t**2 - 3*t - 1. Suppose -27*q + 13*q = -28. What is the tens digit of z(q)?
8
Let t = 48 + -44. Suppose 97 = d - v + 477, -4*d = t*v + 1496. Let n = d + 619. What is the units digit of n?
2
Let u(h) = -h**3 - 51*h**2 + 41*h - 544. What is the tens digit of u(-52)?
2
Let n = 1287 - -6034. What is the thousands digit of n?
7
Let p = -18 - -20. Let u(x) = -12*x + p*x + 0*x + 0*x - 1. What is the tens digit of u(-9)?
8
Let l be 2 - 1 - (4 - 43). Let w = l + -38. Suppose 3*p = -w*p + 260. What is the units digit of p?
2
Let p(h) = 10*h**2 - 85*h + 521. What is the tens digit of p(27)?
1
Suppose -253*u + 29252 = 4*g - 250*u, -5*g + 3*u = -36511. What is the tens digit of g?
0
Let h = 12828 - -9276. What is the units digit of h?
4
Suppose 4 = 16*v - 60. Let t(b) = 59*b**2 - 21*b + 30. What is the hundreds digit of t(v)?
8
Let s = 852 + -840. Suppose -s*d + 14242 = -1394. What is the units digit of d?
3
Let b(a) = -236*a + 178. Let t be b(-5). Let m = t - -357. What is the thousands digit of m?
1
Suppose 2*l - m - 2*m = 18, 0 = 4*m + 16. Suppose -z - s = l, -5 = 5*z + 2*s - 2. What is the units digit of (66 - -17)/(2 - z)?
3
Suppose -10*m + 19650 = 15*m. Suppose -2549 = -5*j + m. What is the hundreds digit of j?
6
Let g(i) = 115*i**2 + 18*i - 78. What is the tens digit of g(4)?
3
Let j = -474 + 897. Suppose -4*h = -h - j. Suppose 5*r + q - h = 0, 3*r - 73 - 18 = q. What is the tens digit of r?
2
Let j(d) = 151 - 54*d**2 - 149 + 101*d**2. Suppose -3*q = -2*q - 1. What is the tens digit of j(q)?
4
Let x = -94 - -96. Suppose 491 = -x*q + 3*q. What is the units digit of q?
1
Suppose 24840*k = 24832*k + 128200. What is the ten thousands digit of k?
1
Let q = 82 + -90. What is the tens digit of ((-2596)/q)/(1/4)?
9
Let b = -153 + -169. Let q = 469 - b. What is the units digit of q?
1
Let o = -23 - -251. Let f = 77 + o. What is the hundreds digit of f?
3
Suppose 49*p - 42*p - 122*p + 1475450 = 0. What is the tens digit of p?
3
Let g = 1 - -9. Let z(q) = 10*q + 22. Let i be z(g). Suppose 2*s - i = 72. What is the tens digit of s?
9
What is the tens digit of -26 + (-3266879)/(-145) - 12/10?
0
Let q = 1174 + -121. What is the thousands digit of q?
1
Let u(t) = -t**3 - 4*t**2 + 3*t - 11. Let p be u(-5). Let n(s) = 38*s + 3. Let o(f) = 38*f + 2. Let c(i) = 4*n(i) - 5*o(i). What is the tens digit of c(p)?
4
What is the thousands digit of (-3)/(-2) - ((-83227578)/(-28))/(-49)?
0
Suppose -4*f = 0, 6*h - h - 175 = 5*f. Let z = 295 + h. What is the tens digit of z?
3
Suppose 0 = -3*d + t + 16973, 8*d = 5*d + 5*t + 16957. Suppose -8*a + 20507 - d = 0. What is the thousands digit of a?
1
Suppose -9*i - 13 = 239. Let b = i + 42. Suppose -610 = -b*u + 9*u. What is the tens digit of u?
2
What is the tens digit of ((-4714)/(-4) + -6)/(2/4)?
4
Suppose 0 = -4*m - 5*l + 73451, -5*m + 54881 = -9*l - 36887. What is the tens digit of m?
5
Supp